 second derivative of -5*k + 7/3*k**4 + 0 + 1/3*k**3 + 1/2*k**2. What is the units digit of o(-1)?
7
Let f(a) = -a**2 - 2*a + 4. Suppose 0 = -i - 4*u - 19, 3*i + 25 = -4*u - 0. Let k be f(i). What is the units digit of (-3 - -2)*k*-12?
2
Suppose -47*q + 33*q = -71904. What is the hundreds digit of q?
1
Suppose 25*p - 11*p = -98. Let t be 6*(2/(-3) - -1). What is the units digit of (p/(-14))/(t/108)?
7
Let q(p) = 13 + 4 - 6*p**2 + 0*p**2 - p**3. Let h = 554 - 561. What is the units digit of q(h)?
6
Let c(v) = v**3 - 2*v**2 + 14*v - 130. Let j be c(6). Let q(b) = -6*b**2 + b + 1. Let k be q(-3). Let u = j + k. What is the tens digit of u?
4
Suppose -8*t - 1216 = -0*t. What is the units digit of 0 - t*(3 + -2)?
2
Suppose -4*b - 44 = -4*k, 0 = 2*k - 0*k - 4*b - 32. Suppose 150 = 8*h - k*h. What is the tens digit of h?
7
Suppose 0 = -m + 2*m + 36. Let j = m - -57. What is the units digit of j?
1
Let y be -16*(51/(-42) - 2/7). Suppose 4*l + 8 + 6 = -o, -2*o - 19 = -l. What is the tens digit of (y/o)/(2/(-20))?
2
Let t be 1 - (-2 + -4 - -3). Let x = 206 - 101. Suppose -25 = t*a - x. What is the units digit of a?
0
Let l(k) = 5*k**2 - 5*k + 5. Let d = -3 - -8. Let f be l(d). Suppose -19 = -4*v + f. What is the units digit of v?
1
Suppose 3*o + 1059 = 3*r, -2*r = -6*o + 2*o - 708. Suppose 4*h = h - 5*g + 332, 0 = -3*h - g + r. What is the units digit of h?
9
Suppose -2*v + 242 + 44 = 0. Let n = v - 40. What is the tens digit of n?
0
Let n(q) = -3*q**2 + 12*q + 2. Let v be n(4). Suppose 5*j - 2*j = -4*b + 196, 4*j - 258 = -v*b. What is the tens digit of j?
6
Suppose -219 = -4*n + 469. Suppose -3*s = -2*f - 182, -478 = -5*s + 2*f - n. Let z = 88 - s. What is the tens digit of z?
2
Let g = 2840 - 1889. What is the hundreds digit of g?
9
Let g = 13 + -9. Suppose 0 = -g*c - 2 - 2. What is the units digit of 1*c/2*-26?
3
Suppose 4*y - 1240 = 4*m, 3*m = -0*y + y - 320. What is the units digit of y?
5
What is the units digit of 27/(-9) + 920 - 5?
2
Let w(b) = -7*b**2 - 5*b - 2. Let x be w(-4). Let j = 20 - x. Suppose -5*r + k = -j, -2*r + 4*k = -r - 19. What is the tens digit of r?
2
Suppose -8*j = -2*j - 12. Suppose j*o - 22 = -5*y, 2*y - 1 - 11 = -o. What is the units digit of o?
6
Let n = 423 - -1036. What is the units digit of n?
9
Let q(i) = 47*i**2 - 7*i - 10. What is the hundreds digit of q(6)?
6
Suppose 4*w = 23*y - 26*y + 2030, -5*w = y - 2532. What is the tens digit of w?
0
Let c = -29 + 74. Suppose -2*v = v - c. What is the units digit of v?
5
Suppose -32*a = -62*a + 47400. What is the thousands digit of a?
1
Let q = -127 + 139. Suppose -8*m = -q*m + 280. What is the units digit of m?
0
Suppose 5*r - m = 31, -2*r - 21 = -5*r + 3*m. Suppose 11 = -r*o + 53. What is the units digit of o?
7
Let p(r) = -1 + 2*r - 2*r - r. Let f be p(-5). Suppose -u + 2*u + f = 0, 35 = 3*x - 5*u. What is the units digit of x?
5
Let j be 1*22*(2 + -1). Let b = 71 - j. What is the tens digit of b?
4
Let k(s) = 11*s - 24. Let l(o) = -5*o + 12. Let h(n) = -3*k(n) - 7*l(n). Let w be h(8). Suppose -m + w*j - 17 = -2, -j = -3*m - 1. What is the units digit of m?
1
Let v(u) = 1 - u**3 - 6 + 6*u**2 - u - 2. Let w be v(5). What is the tens digit of (1 - 0 - 0)*w?
1
Let v = -1502 + 2308. What is the units digit of v?
6
Let x be (-16)/(-2) + -18 + 15. Suppose -x*c = -258 + 83. What is the units digit of c?
5
Let w = -157 - -65. Let t(h) = -3*h - 17. Let n be t(-13). What is the units digit of n/(-99) + w/(-9)?
0
What is the units digit of (9/(-18))/((-166)/(-168) + -1)?
2
Let a(x) = -6*x**2 - 9*x + 308. Let w(r) = -r**2 - 2*r - 1. Let i(b) = a(b) - 5*w(b). What is the tens digit of i(0)?
1
Suppose 422*m = 419*m + 1500. What is the units digit of m?
0
Let c be 1 - 0 - (24 + -18). What is the hundreds digit of 4/(20/655) - c?
1
Let a(z) = -244*z**2 - 2*z + 3. Let l be a(1). Let j = 377 + l. What is the hundreds digit of j?
1
Let q = -9 + 9. Let t = q + 9. What is the units digit of (-6)/(-4)*12/t?
2
Suppose 4*y = 6*y - 534. Let k = -185 + y. What is the tens digit of k?
8
Suppose -2 = -2*p, 6*p - 817 = -q + 7*p. What is the units digit of q?
8
Let c be (-2)/7 - 657/(-21). Suppose 3*q - 2*v = c, 5*q - 4*v + 7*v - 77 = 0. What is the units digit of q/(((-20)/8)/(-5))?
6
Let z be 10/2*2/(30/9). Suppose -90 = -f - 0*f - y, -3*y = z. What is the units digit of f?
1
Suppose 4*r + 0*z + 2*z = 242, 4*r = -z + 241. Suppose -2*k + 0*k + 147 = -3*s, -3*s + r = k. What is the tens digit of k?
6
Let w(c) = c - 3. Let s be w(5). Suppose 0 = -28*x + 27*x + 4. Suppose y - r = -y + 39, 82 = x*y + s*r. What is the units digit of y?
0
Let i(a) = 5*a**2 + 4*a - 53. What is the thousands digit of i(-17)?
1
Suppose 0*v = -2*f - 3*v - 11, 5*v + 25 = 0. Suppose f = -z + 2*z - 4*o, -4*z = 4*o - 108. What is the units digit of z?
2
Suppose 0 = 5*p + 3*z - 61, -2*z - 18 = 5*p - 82. Let s = p + -9. Suppose s*b = -9 + 29. What is the units digit of b?
4
Suppose 0 = -5*i + 4*a + 38, 3*i - 2*i - 2 = -2*a. Suppose w - 2 = i. Suppose 0 = -w*h + 10*h - 104. What is the tens digit of h?
5
Suppose -9*b + 140 = 500. Suppose -5*w = 20 + 125. Let p = w - b. What is the tens digit of p?
1
Let p = 189 - 672. Let w be p/(-9) - 1/(-3). Suppose 0 = -4*d + 5*q + 117, 3*d - 26 - w = -4*q. What is the units digit of d?
8
What is the thousands digit of ((-2328)/(-36))/(4*1/66)?
1
Suppose 6*x - 16 = 14. Let w(d) = d**2 - 7*d + 7. Let y be w(x). Let r = y + 46. What is the units digit of r?
3
Suppose 2 + 218 = -4*l. Let s = l - -58. What is the units digit of s?
3
Let g(q) = 11*q**2 + 6*q. Suppose 0 = 5*y - 4*x + 11, 3*x - 12 = -y + 6*y. What is the units digit of g(y)?
1
Let f(r) = r**2 + 5*r + 3. Let a be (7 + -6)*(-1 - 5). Let v be f(a). Let z = -3 + v. What is the units digit of z?
6
Let y(g) = 2*g - 15. Let v be y(10). Let x = v + 23. Suppose 0 = -5*z - 0*n - 3*n + 188, -z - 3*n + x = 0. What is the units digit of z?
0
Let y = -138 - -195. Let t be (-186)/(-10) + y/(-95). What is the tens digit of t*(0 - (-16)/6)?
4
Suppose 8709 = 3*x + h, 0*x = x - 4*h - 2890. What is the thousands digit of x?
2
Let u(j) = 8*j + 4*j + 5 - 5. Let r be u(4). Suppose -4*o = -r - 36. What is the tens digit of o?
2
Suppose -b + 4*y + 15 = y, 4*y = -4*b - 20. Suppose b = -5*c - 0*c - 50. What is the tens digit of (12/c)/((-12)/570)?
5
Suppose 0 = 6*d + 5*n - 19556, -14*n - 20 = -19*n. What is the thousands digit of d?
3
Suppose -10*k = -9*k. Let d = k + 10. What is the tens digit of d?
1
Suppose u - 3 = 5*d, 3*d = -3*u + 6*u - 9. Let b be -1*u/(3/(-3)). Suppose -16 = -b*q + 44. What is the units digit of q?
0
Let f be 37 - ((-5)/5 - 0). Suppose -20 = 33*k - f*k. Suppose 6*s = 2*s + 2*n + 118, -k*s + 133 = n. What is the tens digit of s?
3
Suppose -3*b + 10 = 2*b. Let n be ((-30)/(-4))/(1/b). What is the units digit of 20/6*108/n?
4
Let v(g) = g**2 - 11*g - 6. Let r(u) = u**2 + 4*u - 3. Let x be r(-6). Let z be v(x). Let l = z + 26. What is the units digit of l?
2
Let c be (-2)/(38/12 + -3). What is the units digit of (-2)/c - (-17)/6 - -33?
6
Let f = -466 - -810. What is the tens digit of f?
4
Suppose 15*g - 11*g - 244 = 0. Suppose 2*v = 53 + g. What is the tens digit of v?
5
Let l(m) = -5*m + m**2 + m - 6*m + 5. Let r be l(11). Let f = 28 + r. What is the units digit of f?
4
Let b(n) = -n**2 - n - 1. Let h(d) = d**3 - 8*d**2 + 1. Let r(u) = -3*b(u) + h(u). Let m be r(4). Suppose -4*g + g + 21 = m. What is the units digit of g?
7
What is the units digit of (-1 - -1285) + 10 - -6?
0
Let g be 2268/39 + (-2)/13. Let d = -31 + g. What is the units digit of (d/6)/((-6)/(-64))?
8
Let g(w) = 131*w + 35. What is the hundreds digit of g(3)?
4
Suppose 5*x - 39 = 11. Suppose u - p = x, 2*u - 16 = 4*p + 14. What is the units digit of u?
5
Let f be (-2)/(-1) - (-2)/1. Suppose 0 = 4*k - h - 3, 0 = -4*k - 4*h + 28. Suppose -5*q + 11 = -f*i, i + 4*i + 1 = k*q. What is the units digit of i?
1
What is the tens digit of 34/(25/(-10) - -3)?
6
Let f = -1427 - -2431. What is the units digit of f?
4
Suppose 2*n = 3*n. Suppose n = 8*f - 9*f + 3. Suppose -33 = -u + 3*m, -183 = -4*u - f*m - 6. What is the units digit of u?
2
Suppose -a = 5*k - 6207, 2480 = 7*k - 5*k - a. What is the hundreds digit of k?
2
Suppose -3*y - 22 = -67. What is the units digit of (3 - (-327)/y)/